In base 10, what is 56160304 - -4?
56160308
In base 16, what is b - -4f3a4c?
4f3a57
In base 3, what is -221212111102 - -122?
-221212110210
In base 2, what is -1011111111011000010 - -10100?
-1011111111010101110
In base 4, what is 233121300032120 - 0?
233121300032120
In base 16, what is 2e + 21?
4f
In base 7, what is -30 - 304231?
-304261
In base 16, what is 2d7 + -b6aac?
-b67d5
In base 14, what is -52bb33 - 23?
-52bb56
In base 14, what is -aa28 + -3349?
-dd73
In base 2, what is 10 - 110101100010100100110?
-110101100010100100100
In base 3, what is 10121 - -11000122210?
11000210101
In base 2, what is -100100010100110000000 + -111?
-100100010100110000111
In base 3, what is -1022112 + -111211011?
-120010200
In base 12, what is -7 - -151b776?
151b76b
In base 6, what is -3153333014 - -13?
-3153333001
In base 8, what is -147716672 + 15?
-147716655
In base 16, what is f80b69 - -b?
f80b74
In base 3, what is -1201 - -11200211020?
11200202112
In base 13, what is 2 - -49544b?
495450
In base 8, what is -1025744516 - 1?
-1025744517
In base 14, what is d + -a4d300?
-a4d2d1
In base 2, what is 1100011001110 - 100100100000001?
-11000000110011
In base 2, what is -1 + -1111010010001011011111?
-1111010010001011100000
In base 12, what is 3 - -28a23a4?
28a23a7
In base 3, what is 12121 + 10021011121001?
10021011210122
In base 5, what is -33 + -133103130?
-133103213
In base 9, what is -3203201453 + -1?
-3203201454
In base 4, what is -11220313122 + 13232?
-11220233230
In base 10, what is -1292623 - 1?
-1292624
In base 3, what is -2001212110112002 - 12?
-2001212110112021
In base 3, what is 1012111022212 - 10?
1012111022202
In base 11, what is 17a6828 - 158?
17a6680
In base 6, what is 30 - 102222240?
-102222210
In base 7, what is -332625 - 245?
-333203
In base 10, what is -37887669 + 4?
-37887665
In base 8, what is -14400315 - 73?
-14400410
In base 5, what is -40 + -30434331114?
-30434331204
In base 7, what is 0 + 15421642?
15421642
In base 15, what is -7 + -16558a?
-165592
In base 9, what is 3364 - 172212?
-167737
In base 14, what is -1c88837 - -1?
-1c88836
In base 2, what is 110111 - -111111010011101001?
111111010100100000
In base 9, what is 32124 - -5885?
38120
In base 16, what is 1019c - -697?
10833
In base 2, what is -1010010011100011000 - -100111?
-1010010011011110001
In base 12, what is -a11 + -663?
-1474
In base 15, what is 10 + 186b5c4?
186b5d4
In base 6, what is -150 + -1224444025?
-1224444215
In base 12, what is -163a2119 - -7?
-163a2112
In base 6, what is 1105 - -222302?
223411
In base 12, what is 16 + 15a8828?
15a8842
In base 16, what is -172a9 - -1315?
-15f94
In base 12, what is -339 + 60798?
6045b
In base 14, what is -98ada - -193?
-98947
In base 5, what is 22240231 + 10204?
22300440
In base 6, what is -4253 + 32504?
24211
In base 10, what is -13340208 + 2?
-13340206
In base 3, what is 101 + -12022202010200?
-12022202010022
In base 15, what is 2 - -4522801?
4522803
In base 15, what is 83c - d60?
-523
In base 14, what is -63 - aa51b?
-aa580
In base 10, what is 106 + 54109?
54215
In base 6, what is -1 - -312431204?
312431203
In base 13, what is -2 + 9834510?
983450b
In base 12, what is 49a - -382b5?
38793
In base 12, what is 3462b3 + -3?
3462b0
In base 15, what is 11984 + b?
11990
In base 15, what is -1e14 + -10ca?
-2ede
In base 13, what is -1078560 - 5?
-1078565
In base 16, what is -28 - -1b7e947?
1b7e91f
In base 11, what is 561a + 45864?
50383
In base 3, what is -12000112101021 + 2?
-12000112101012
In base 8, what is 3 - 37604535?
-37604532
In base 3, what is -12 + -2012000020001?
-2012000020020
In base 13, what is -140b02 - a83?
-141885
In base 11, what is 75775 - -36a?
76034
In base 9, what is 7428074 - 0?
7428074
In base 4, what is 3 - 2231200231?
-2231200222
In base 11, what is -3 + 313aa52?
313aa4a
In base 6, what is -11432020 + 52?
-11431524
In base 10, what is 387 - -220071?
220458
In base 8, what is -7 + 3116744?
3116735
In base 4, what is -32122 - -12021212?
11323030
In base 11, what is 91603 + 117?
9171a
In base 11, what is 7 - 11a9893?
-11a9887
In base 14, what is -11082b04 + -1?
-11082b05
In base 6, what is -22 + -114514011?
-114514033
In base 5, what is -1423010 + 4?
-1423001
In base 2, what is 1000100 + 110011100001010111?
110011100010011011
In base 14, what is -13543 - -1?
-13542
In base 9, what is -63 + -887858?
-888032
In base 4, what is -1322020212 + 102?
-1322020110
In base 10, what is 1707 + 460231?
461938
In base 3, what is 10212221001112122 - 11?
10212221001112111
In base 8, what is 36 + -140663?
-140625
In base 8, what is -4026 + 134577?
130551
In base 12, what is 5 + -275477?
-275472
In base 15, what is 1095d - -180?
10add
In base 14, what is 17 - bc462?
-bc449
In base 7, what is 16 + 140626?
140645
In base 5, what is 240 + -2112323432?
-2112323142
In base 10, what is -167 + 47403?
47236
In base 6, what is 1024 - 4141?
-3113
In base 14, what is -1 - -1129818b?
1129818a
In base 11, what is -3 + -1928a38?
-1928a40
In base 3, what is -21121001212110110 - -11?
-21121001212110022
In base 8, what is 307 - 337421?
-337112
In base 14, what is -422 - -b5b?
739
In base 5, what is -20003121224 - -4?
-20003121220
In base 14, what is -b1c9 + 3dc?
-abcb
In base 11, what is 6a + -2208789?
-220871a
In base 10, what is -17837752 + -8?
-17837760
In base 14, what is b80d62 + 0?
b80d62
In base 8, what is -3 + -4507222?
-4507225
In base 13, what is 9 + 27bc8?
27c04
In base 15, what is -eaba0e + 0?
-eaba0e
In base 13, what is 10cc742 - -1?
10cc743
In base 16, what is 5 + -15098e?
-150989
In base 13, what is 5300 + -68?
5265
In base 14, what is -1789d + 55?
-17848
In base 10, what is 3573 - 7750?
-4177
In base 10, what is -61955 + 15241?
-46714
In base 14, what is -9dc - -ca3?
2a5
In base 3, what is -101111222111102 - 11?
-101111222111120
In base 10, what is 1 + 132264999?
132265000
In base 13, what is bb78 + -2b?
bb4a
In base 3, what is -11 + 2100111022200?
2100111022112
In base 5, what is 124433103 + 22?
124433130
In base 2, what is 1010011111 + -1100011111110?
-1011001011111
In base 10, what is -205 - -64854?
64649
In base 11, what is 16927 - -15193?
3100a
In base 3, what is 1122112010011010 - 12?
1122112010010221
In base 16, what is df6 + 75f?
1555
In base 16, what is 5 - -ea68bb?
ea68c0
In base 9, what is 54 + 173063?
173127
In base 6, what is -123332 - -132?
-123200
In base 13, what is 0 + -cb224c?
-cb224c
In base 6, what is -114310200501 - -3?
-114310200454
In base 5, what is -244222124433 - -3?
-244222124430
In base 6, what is 215423224 - -1?
215423225
In base 3, what is 2111 - -1111112111?
1111121222
In base 4, what is -320003232331 - 2?
-320003232333
In base 6, what is -213433 - 213120?
-430553
In base 5, what is 10110 - -10014343?
10030003
In base 7, what is -35 - -1211366?
1211331
In base 12, what is -4a405 - -18?
-4a3a9
In base 13, what is -92574 + -1b?
-92592
In base 10, what is 4 + 227545167?
227545171
In base 9, what is -320 - 222?
-542
In base 6, what is 5 + -1451233?
-1451224
In base 5, what is -211411 + -11343?
-223304
In base 12, what is -13aa6012a + 2?
-13aa60128
In base 5, what is 20120 + 4002442?
4023112
In base 2, what is 110100101000110100100 - 1100?
110100101000110011000
In base 3, what is -12011212 + 21011?
-11220201
In base 11, what is -794700 - 389?
-794a89
In base 16, what is 17a8d1 + 1f?
17a8f0
In base 3, what is 111 - -11002120112221121?
11002120112222002
In base 7, what is -1211110 - 26?
-1211136
In base 8, what is 3 + -556066?
-556063
In base 6, what is -4 - 100150030?
-100150034
In base 15, what is -22d3 - 12284?
-14567
In base 12, what is 3 - -a2a125?
a2a128
In base 10, what is 555 + 1152043?
1152598
In base 3, what is 2 - 10020112212111?
-10020112212102
In base 12, what is 178b98 + 7b7?
179793
In base 7, what is -15 + -1364206?
-1364224
In base 10, what is -42638 - -4986?
-37652
In base 4, what is 12000 + -1032301?
-1020301
In base 15, what is -37bdb - -2d?
-37bad
In base 10, what is 9542 - 1246?
8296
In base 5, what is 314 - 4124141042?
-4124140223
In base 14, what is -c + 99776c?
997760
In base 13, what is 17c1 - 1762?
5c
In base 7, what is 15360 - 1036?
14321
In base 14, what is 1d10 + 128a?
319a
In base 7, what is 65 - 4034404?
-4034306
In base 8, what is 205477 - -227?
205726
In base 12, what is -37 + 8213314?